is -3 + 1022?
1014
In base 2, what is 11 + 110?
1001
In base 5, what is 1 - 34044?
-34043
In base 14, what is -3 + 32?
2d
In base 6, what is -2 + 1211?
1205
In base 16, what is -4 + -2e?
-32
In base 7, what is 3011 + -3?
3005
In base 11, what is -1 - 10?
-11
In base 8, what is -663 + 1?
-662
In base 6, what is -14 + -230?
-244
In base 14, what is -2 - 38?
-3a
In base 3, what is 121 - -222?
1120
In base 5, what is -22 + -24212?
-24234
In base 13, what is -7621 - -1?
-7620
In base 3, what is -2222112 + -11?
-2222200
In base 12, what is -270 + -3?
-273
In base 12, what is 0 + 3?
3
In base 6, what is -15 - 1?
-20
In base 12, what is -2 + 4?
2
In base 5, what is 24 - -10?
34
In base 5, what is 10 + -42?
-32
In base 16, what is -9 - 11?
-1a
In base 14, what is -25 + 1?
-24
In base 13, what is -82 - -23?
-5c
In base 11, what is -2a03 + 0?
-2a03
In base 14, what is -15 - 21?
-36
In base 12, what is 4 - 292?
-28a
In base 14, what is -68c - 3?
-691
In base 7, what is 2 - -16?
21
In base 15, what is 75 - -7?
7c
In base 9, what is -43 - 3?
-46
In base 6, what is 1 + -2204?
-2203
In base 13, what is 52 - 0?
52
In base 12, what is 83 + -4?
7b
In base 9, what is -13 - 208?
-222
In base 3, what is -20020 - 10?
-20100
In base 10, what is 8 + 4?
12
In base 11, what is -6 + -10?
-16
In base 8, what is -12 + -26?
-40
In base 6, what is -2340 - 5?
-2345
In base 4, what is -101 - -2?
-33
In base 7, what is 4014 - 5?
4006
In base 8, what is 11 - 1372?
-1361
In base 6, what is 3 + 2535?
2542
In base 15, what is -209 - -5?
-204
In base 13, what is -493 - 3?
-496
In base 6, what is 23244 - -3?
23251
In base 8, what is 4070 + -12?
4056
In base 12, what is -514 + -5?
-519
In base 11, what is 5 - 8?
-3
In base 10, what is 838 - -20?
858
In base 16, what is 5 + 109?
10e
In base 12, what is -28a + -4?
-292
In base 9, what is -5 + 68?
63
In base 2, what is -11001000 + -100?
-11001100
In base 6, what is -10 + 1012?
1002
In base 13, what is 149 + -2?
147
In base 4, what is -11 + 311?
300
In base 2, what is -1011 - 0?
-1011
In base 8, what is -4 + -1137?
-1143
In base 16, what is -10 + 3d?
2d
In base 2, what is -10001000111 - -1?
-10001000110
In base 8, what is 107 - 0?
107
In base 16, what is d - -f?
1c
In base 10, what is 101 + -5?
96
In base 15, what is -2a - 9?
-34
In base 10, what is 5 - -1286?
1291
In base 16, what is 13 - 6e?
-5b
In base 16, what is 6 + 2b4?
2ba
In base 11, what is 6 + 498?
4a3
In base 11, what is 1 - -3674?
3675
In base 14, what is 2 - -2c2?
2c4
In base 16, what is -2 + -7?
-9
In base 15, what is 2 - 542?
-540
In base 8, what is -346 + 4?
-342
In base 5, what is 403 + -10?
343
In base 6, what is 5 + 2054?
2103
In base 12, what is 7 - -1?
8
In base 12, what is -2 + -a3?
-a5
In base 8, what is 4 + -73?
-67
In base 3, what is -211 - 122?
-1110
In base 4, what is -133 + -10?
-203
In base 4, what is 12233 - 2?
12231
In base 16, what is -2 + 2c2?
2c0
In base 14, what is -30 - 1?
-31
In base 14, what is -74 + 18?
-5a
In base 3, what is 202 + -120?
12
In base 13, what is -b + -61?
-6c
In base 13, what is 1c2 - 1?
1c1
In base 6, what is -140 + -31?
-211
In base 14, what is 3 - 327?
-324
In base 6, what is 232542 - 4?
232534
In base 12, what is 15ab - 4?
15a7
In base 10, what is -96 + -72?
-168
In base 15, what is -3e + 21?
-1d
In base 4, what is -233 + -112?
-1011
In base 7, what is 2024 + 6?
2033
In base 9, what is -26 - 12?
-38
In base 3, what is -112 - -110202?
110020
In base 3, what is 10200 + -121?
10002
In base 6, what is -140 + -2?
-142
In base 16, what is -746 + -2?
-748
In base 7, what is -10606 - 5?
-10614
In base 6, what is -324 + 3?
-321
In base 8, what is 737 + 5?
744
In base 6, what is -22 - 15?
-41
In base 13, what is -4b - -4?
-47
In base 9, what is 41171 + 5?
41176
In base 4, what is 0 - -2101?
2101
In base 12, what is 1 - 885?
-884
In base 14, what is -3 + -315?
-318
In base 11, what is 6 + 42?
48
In base 15, what is -a - -43?
38
In base 6, what is 1 + -52?
-51
In base 3, what is 11 - 11000022?
-11000011
In base 4, what is -10 + 133?
123
In base 2, what is -10000101111000 + -11?
-10000101111011
In base 7, what is 0 - -50?
50
In base 2, what is 11000000001 - -10?
11000000011
In base 11, what is 100 + 2a?
12a
In base 4, what is 210 + -22?
122
In base 8, what is -615 + -3?
-620
In base 5, what is -13 - -14?
1
In base 14, what is -3 + 5a?
57
In base 12, what is 4922 - 2?
4920
In base 14, what is -4 + -26?
-2a
In base 10, what is 0 + 38?
38
In base 11, what is a26 - -3?
a29
In base 12, what is -5 - -105?
100
In base 9, what is 1212 + 2?
1214
In base 14, what is d + -1?
c
In base 13, what is -3 + -150?
-153
In base 3, what is 20220 - 20?
20200
In base 6, what is 52355 - -3?
52402
In base 4, what is 123221 - 11?
123210
In base 4, what is -211 - -2333?
2122
In base 7, what is 1 - -300?
301
In base 8, what is 4 + -14555?
-14551
In base 15, what is 851 + -1?
850
In base 6, what is -10 + 452?
442
In base 2, what is 100001000 + 0?
100001000
In base 11, what is 4911 - 1?
4910
In base 11, what is -541 + -3?
-544
In base 9, what is -1 + -585?
-586
In base 2, what is 1000 + 1000010?
1001010
In base 8, what is -12 - 33?
-45
In base 10, what is 2223 - 4?
2219
In base 7, what is 1 + -1156?
-1155
In base 11, what is 46 + 11?
57
In base 10, what is -1 - -274?
273
In base 6, what is -34 - -51?
13
In base 11, what is 0 + 1143?
1143
In base 15, what is 80 - 5?
7a
In base 6, what is -41 + 32?
-5
In base 8, what is -123 + -2?
-125
In base 9, what is -171 + 77?
-83
In base 2, what is 10 - -11010001010?
11010001100
In base 2, what is 1010 + -1010011001?
-1010001111
In base 11, what is 17 - 203?
-197
In base 15, what is -2 + 8?
6
In base 6, what is 12 - 350?
-334
In base 9, what is 2267 - 16?
2251
In base 5, what is -241 + -2?
-243
In base 6, what is 2414 - 10?
2404
In base 4, what is -1022 - 10?
-1032
In base 10, what is -20 + 0?
-20
In base 3, what is -11 + 2002?
1221
In base 4, what is -13020233 - 1?
-13020300
In base 9, what is -2 - -43?
41
In base 3, what is -2020 + 12?
-2001
In base 7, what is 4453 - 13?
4440
In base 2, what is -10 - 11011001001?
-11011001011
In base 15, what is 2 + 1a6?
1a8
In base 9, what is 3 - 2473?
-2470
In base 5, what is -1222 - 1?
-1223
In base 15, what is -2ba - -2?
-2b8
In base 6, what is 451 - -1?
452
In base 4, what is -10 + -210?
-220
In base 15, what is a + -17?
-c
In base 4, what is 30312 + -2?
30310
In base 16, what is 3 - 3c?
-39
In base 2, what is -11111000101 - 1?
-11111000110
In base 7, what is 35 - -364?
432
In base 10, what is -227 + 3?
-224
In base 4, what is 31 - -1?
32
In base 5, what is -3104 - -11?
-3043
In base 9, what is 0 - 310?
-310
In base 13, what is 33 + c4?
127
In base 8, what is -64 - 15?
-101
In base 4, what is 1021 - -11?
1032
In base 14, what is 3 + -10?
-b
In base 10, what is -9 + 75?
66
In base 15, what is 4 - -45?
49
In base 15, what is 16 - 67?
-51
In base 4, what is -213 - -1121?
302
In base 9, what is -1 + 53?
52
In base 13, what is -20 - -2?
-1b
In base 6, what is -2023 + 2?
-2021
In base 8, what is -11 - -3036?
3025
In base 10, what is -4 - -1?
-3
In base 15, what is 64 - 3?
61
In base 16, what is -b6 + -1?
-b7
In base 3, what is -10 + -1201002?
-1201012
In base 13, what is 4 + -1a47?
-1a43
In base 15, what is 4 - 983?
-97e
In base 5, what is 2031 + 12?
2043
In base 5, what is -4 + 3320?
3311
In base 8, what is 3711 + 4?
3715
In base 10, what is 0 - -52?
52
In base 7, what is 5 - -406?
414
In base 13, what is 2 + -107?
-105
In base 12, what is -67 + -3?
-6a
In base 16, what is -dd + 1?
-dc
In base 11, what is 3 + -3406?
-3403
In base 7, what is -414 + 0?
-414
In base 15, what is 6 + -91?
-8a
In base 2, what is -100 - 1000011011?
-1000011111
In base 5, what is 1222120 - 1?
1222114
In base 4, what is -23 + -100202?
-100231
In base 12, what is 88 + 15?
a1
In base 8, what is 40 - 34?
4
In base 3, what is 121111 - 1?
121110
In base 15, what is -9c + -4?
-a1
In base 14, what is -54 - -7?
-4b
In base 15, what is -e24 - -1?
-e23
In base 4, what is 0 + -1130?
-1130
In base 8, what is 4 + 165?
171
In base 7, what is -3 - -23?
20
In base 8, what is 22 + -1?
21
In base 9, what is -4 - 7?
-12
In base 7, what is 5 + 12206?
12214
In base 2, what is -10010111 - 0?
-10010111
In base 10, what is 7950 + 3?
7953
In bas